6
What is the units digit of 58015506?
6
What is the millions digit of 7901374?
7
What is the ten millions digit of 265167672?
6
What is the millions digit of 593568141?
3
What is the hundreds digit of 1629687592?
5
What is the ten thousands digit of 401232569?
3
What is the thousands digit of 4734535522?
5
What is the ten millions digit of 425466633?
2
What is the thousands digit of 136507073?
7
What is the thousands digit of 2273723679?
3
What is the units digit of 1091366849?
9
What is the hundreds digit of 55659178?
1
What is the ten millions digit of 1821747066?
2
What is the hundreds digit of 6221117470?
4
What is the millions digit of 374839763?
4
What is the tens digit of 43732864?
6
What is the millions digit of 622864582?
2
What is the hundred millions digit of 516216466?
5
What is the units digit of 1728780582?
2
What is the millions digit of 5323051658?
3
What is the hundreds digit of 10968376?
3
What is the hundreds digit of 118881193?
1
What is the thousands digit of 353692823?
2
What is the thousands digit of 24544675?
4
What is the hundred thousands digit of 34552148?
5
What is the ten millions digit of 38646066?
3
What is the tens digit of 638776954?
5
What is the ten thousands digit of 55677733?
7
What is the millions digit of 157685835?
7
What is the billions digit of 2303827726?
2
What is the ten millions digit of 1494276343?
9
What is the millions digit of 42409106?
2
What is the millions digit of 7364564760?
4
What is the hundred millions digit of 1023766801?
0
What is the ten thousands digit of 209427703?
2
What is the hundred thousands digit of 4688323819?
3
What is the units digit of 220036567?
7
What is the units digit of 1488658292?
2
What is the tens digit of 590486880?
8
What is the hundred thousands digit of 555752543?
7
What is the ten millions digit of 455267211?
5
What is the billions digit of 1204164407?
1
What is the thousands digit of 66528453?
8
What is the hundred thousands digit of 382168017?
1
What is the thousands digit of 1828174215?
4
What is the ten thousands digit of 762877727?
7
What is the tens digit of 587518006?
0
What is the thousands digit of 123110046?
0
What is the units digit of 36809487?
7
What is the thousands digit of 162268298?
8
What is the ten thousands digit of 142472451?
7
What is the tens digit of 45787535?
3
What is the units digit of 202604083?
3
What is the ten thousands digit of 161516693?
1
What is the thousands digit of 648991535?
1
What is the ten millions digit of 243215120?
4
What is the hundred thousands digit of 2827917849?
9
What is the ten millions digit of 132857819?
3
What is the units digit of 693404623?
3
What is the hundreds digit of 391173413?
4
What is the millions digit of 23372828?
3
What is the hundreds digit of 267200808?
8
What is the hundred thousands digit of 3574187425?
1
What is the millions digit of 1008272289?
8
What is the tens digit of 4320004444?
4
What is the tens digit of 1276315000?
0
What is the hundred thousands digit of 360395243?
3
What is the hundred millions digit of 113607105?
1
What is the ten thousands digit of 53319542?
1
What is the hundred thousands digit of 65862881?
8
What is the tens digit of 3634154960?
6
What is the billions digit of 1398428749?
1
What is the millions digit of 3800621?
3
What is the ten thousands digit of 55668525?
6
What is the ten thousands digit of 491377174?
7
What is the units digit of 628189943?
3
What is the hundred thousands digit of 46506965?
5
What is the millions digit of 3366208686?
6
What is the hundred thousands digit of 283094189?
0
What is the ten thousands digit of 3636544480?
4
What is the hundred millions digit of 381633480?
3
What is the hundred millions digit of 571343594?
5
What is the ten thousands digit of 1024609460?
0
What is the ten millions digit of 894736611?
9
What is the hundreds digit of 4659983762?
7
What is the ten thousands digit of 167495218?
9
What is the tens digit of 38340194?
9
What is the thousands digit of 155657737?
7
What is the ten thousands digit of 211559154?
5
What is the hundred millions digit of 3405810053?
4
What is the tens digit of 25736470?
7
What is the millions digit of 250599023?
0
What is the hundreds digit of 2659399122?
1
What is the ten millions digit of 358817787?
5
What is the ten thousands digit of 20189599?
8
What is the tens digit of 32639381?
8
What is the ten millions digit of 46060476?
4
What is the hundreds digit of 10793637?
6
What is the hundred millions digit of 422394727?
4
What is the hundred thousands digit of 771523475?
5
What is the millions digit of 6594692196?
4
What is the hundred millions digit of 124873141?
1
What is the units digit of 892258617?
7
What is the units digit of 435778204?
4
What is the tens digit of 221958322?
2
What is the hundred thousands digit of 25095986?
0
What is the hundred thousands digit of 63815009?
8
What is the billions digit of 4050621045?
4
What is the hundreds digit of 192954721?
7
What is the thousands digit of 24524295?
4
What is the ten thousands digit of 2428274713?
7
What is the tens digit of 139650385?
8
What is the units digit of 2556693173?
3
What is the ten thousands digit of 66734281?
3
What is the hundred thousands digit of 44832969?
8
What is the ten millions digit of 83888201?
8
What is the ten millions digit of 3074702289?
7
What is the hundreds digit of 97636328?
3
What is the ten thousands digit of 218378441?
7
What is the units digit of 115344402?
2
What is the ten thousands digit of 128873398?
7
What is the hundreds digit of 773894005?
0
What is the ten millions digit of 48955989?
4
What is the units digit of 148291923?
3
What is the ten millions digit of 156149698?
5
What is the hundreds digit of 627355596?
5
What is the hundreds digit of 35760279?
2
What is the ten thousands digit of 9757593?
5
What is the ten thousands digit of 33357144?
5
What is the thousands digit of 72854376?
4
What is the hundred millions digit of 1183770976?
1
What is the hundreds digit of 10767635?
6
What is the hundred millions digit of 103744263?
1
What is the ten millions digit of 123368149?
2
What is the hundred thousands digit of 166162667?
1
What is the hundred millions digit of 424355121?
4
What is the tens digit of 68893338?
3
What is the hundreds digit of 4367504308?
3
What is the millions digit of 1178399170?
8
What is the thousands digit of 39898978?
8
What is the hundred thousands digit of 340493972?
4
What is the ten thousands digit of 81153454?
5
What is the hundred thousands digit of 71795533?
7
What is the units digit of 24844195?
5
What is the thousands digit of 172284689?
4
What is the millions digit of 71993562?
1
What is the ten thousands digit of 349257575?
5
What is the hundred millions digit of 335905471?
3
What is the ten thousands digit of 145909081?
0
What is the thousands digit of 58026608?
6
What is the millions digit of 2165079702?
5
What is the ten millions digit of 173993662?
7
What is the hundred millions digit of 988607719?
9
What is the hundred millions digit of 1107035904?
1
What is the hundred millions digit of 218773201?
2
What is the billions digit of 1263215396?
1
What is the ten thousands digit of 663687?
6
What is the hundred thousands digit of 333261957?
2
What is the hundred thousands digit of 211953738?
9
What is the millions digit of 47872522?
7
What is the units digit of 103845935?
5
What is the ten thousands digit of 24977613?
7
What is the ten thousands digit of 577019333?
1
What is the hundreds digit of 564519837?
8
What is the hundred millions digit of 2571460863?
5
What is the millions digit of 8033162?
8
What is the hundred thousands digit of 103876664?
8
What is the thousands digit of 180313857?
3
What is the thousands digit of 84802317?
2
What is the hundred thousands digit of 365845903?
8
What is the hundred millions digit of 1375716831?
3
What is the ten millions digit of 110935092?
1
What is the ten millions digit of 328871813?
2
What is the units digit of 3611380342?
2
What is the millions digit of 17436793?
7
What is the units digit of 23083304?
4
What is the ten millions digit of 2790928583?
9
What is the hundred millions digit of 212300096?
2
What is the units digit of 4474479491?
1
What is the tens digit of 320807316?
1
What is the hundred t